{"id":5286,"date":"2026-03-31T03:22:22","date_gmt":"2026-03-31T03:22:22","guid":{"rendered":"https:\/\/saludat.net\/?page_id=5286"},"modified":"2026-04-08T19:42:31","modified_gmt":"2026-04-08T19:42:31","slug":"ebooks","status":"publish","type":"page","link":"https:\/\/saludat.net\/index.php\/ebooks\/","title":{"rendered":"Ebooks"},"content":{"rendered":"\t\t<div data-elementor-type=\"wp-page\" data-elementor-id=\"5286\" class=\"elementor elementor-5286\" data-elementor-post-type=\"page\">\n\t\t\t\t<div class=\"elementor-element elementor-element-de9bbcd e-flex e-con-boxed e-con e-parent\" data-id=\"de9bbcd\" data-element_type=\"container\" data-e-type=\"container\">\n\t\t\t\t\t<div class=\"e-con-inner\">\n\t\t\t\t<div class=\"elementor-element elementor-element-d370989 elementor-widget elementor-widget-heading\" data-id=\"d370989\" data-element_type=\"widget\" data-e-type=\"widget\" data-widget_type=\"heading.default\">\n\t\t\t\t<div class=\"elementor-widget-container\">\n\t\t\t\t\t<h2 class=\"elementor-heading-title elementor-size-default\">Pilar Metab\u00f3lismo<\/h2>\t\t\t\t<\/div>\n\t\t\t\t<\/div>\n\t\t\t\t\t<\/div>\n\t\t\t\t<\/div>\n\t\t<div class=\"elementor-element elementor-element-5880176 e-flex e-con-boxed e-con e-parent\" data-id=\"5880176\" data-element_type=\"container\" data-e-type=\"container\">\n\t\t\t\t\t<div class=\"e-con-inner\">\n\t\t<a class=\"elementor-element elementor-element-d36646a e-con-full e-transform e-flex e-con e-child\" data-id=\"d36646a\" data-element_type=\"container\" data-e-type=\"container\" data-settings=\"{&quot;background_background&quot;:&quot;gradient&quot;,&quot;_transform_scale_effect_hover&quot;:{&quot;unit&quot;:&quot;px&quot;,&quot;size&quot;:1.02,&quot;sizes&quot;:[]},&quot;_transform_scale_effect_hover_tablet&quot;:{&quot;unit&quot;:&quot;px&quot;,&quot;size&quot;:&quot;&quot;,&quot;sizes&quot;:[]},&quot;_transform_scale_effect_hover_mobile&quot;:{&quot;unit&quot;:&quot;px&quot;,&quot;size&quot;:&quot;&quot;,&quot;sizes&quot;:[]}}\" href=\"https:\/\/saludat.net\/index.php\/ebooks\/pack-metabolismo\/\">\n\t\t\t\t<div class=\"elementor-element elementor-element-38fd728 elementor-widget__width-initial elementor-widget elementor-widget-image\" data-id=\"38fd728\" data-element_type=\"widget\" data-e-type=\"widget\" data-widget_type=\"image.default\">\n\t\t\t\t<div class=\"elementor-widget-container\">\n\t\t\t\t\t\t\t\t\t\t\t\t\t\t\t<img fetchpriority=\"high\" decoding=\"async\" width=\"1800\" height=\"1800\" src=\"https:\/\/saludat.net\/wp-content\/uploads\/2026\/04\/Ebook-Cover-Hotmart-Glucosa-y-Salud-600-x-600-px-2.png\" class=\"attachment-full size-full wp-image-5465\" alt=\"\" srcset=\"https:\/\/saludat.net\/wp-content\/uploads\/2026\/04\/Ebook-Cover-Hotmart-Glucosa-y-Salud-600-x-600-px-2.png 1800w, https:\/\/saludat.net\/wp-content\/uploads\/2026\/04\/Ebook-Cover-Hotmart-Glucosa-y-Salud-600-x-600-px-2-300x300.png 300w, https:\/\/saludat.net\/wp-content\/uploads\/2026\/04\/Ebook-Cover-Hotmart-Glucosa-y-Salud-600-x-600-px-2-1024x1024.png 1024w, https:\/\/saludat.net\/wp-content\/uploads\/2026\/04\/Ebook-Cover-Hotmart-Glucosa-y-Salud-600-x-600-px-2-150x150.png 150w, https:\/\/saludat.net\/wp-content\/uploads\/2026\/04\/Ebook-Cover-Hotmart-Glucosa-y-Salud-600-x-600-px-2-768x768.png 768w, https:\/\/saludat.net\/wp-content\/uploads\/2026\/04\/Ebook-Cover-Hotmart-Glucosa-y-Salud-600-x-600-px-2-1536x1536.png 1536w, https:\/\/saludat.net\/wp-content\/uploads\/2026\/04\/Ebook-Cover-Hotmart-Glucosa-y-Salud-600-x-600-px-2-600x600.png 600w, https:\/\/saludat.net\/wp-content\/uploads\/2026\/04\/Ebook-Cover-Hotmart-Glucosa-y-Salud-600-x-600-px-2-100x100.png 100w\" sizes=\"(max-width: 1800px) 100vw, 1800px\" \/>\t\t\t\t\t\t\t\t\t\t\t\t\t\t\t<\/div>\n\t\t\t\t<\/div>\n\t\t<div class=\"elementor-element elementor-element-c5f97f4 e-con-full e-flex e-con e-child\" data-id=\"c5f97f4\" data-element_type=\"container\" data-e-type=\"container\">\n\t\t<div class=\"elementor-element elementor-element-c9cb927 e-con-full e-flex e-con e-child\" data-id=\"c9cb927\" data-element_type=\"container\" data-e-type=\"container\">\n\t\t<div class=\"elementor-element elementor-element-eec7217 e-con-full e-flex e-con e-child\" data-id=\"eec7217\" data-element_type=\"container\" data-e-type=\"container\">\n\t\t\t\t<div class=\"elementor-element elementor-element-c456778 elementor-widget elementor-widget-heading\" data-id=\"c456778\" data-element_type=\"widget\" data-e-type=\"widget\" data-widget_type=\"heading.default\">\n\t\t\t\t<div class=\"elementor-widget-container\">\n\t\t\t\t\t<h2 class=\"elementor-heading-title elementor-size-default\">Pack Metab\u00f3lismo<\/h2>\t\t\t\t<\/div>\n\t\t\t\t<\/div>\n\t\t\t\t<div class=\"elementor-element elementor-element-81fd527 elementor-widget elementor-widget-heading\" data-id=\"81fd527\" data-element_type=\"widget\" data-e-type=\"widget\" data-widget_type=\"heading.default\">\n\t\t\t\t<div class=\"elementor-widget-container\">\n\t\t\t\t\t<h3 class=\"elementor-heading-title elementor-size-default\">3 ebook para recuperar tu bienestar<\/h3>\t\t\t\t<\/div>\n\t\t\t\t<\/div>\n\t\t\t\t<\/div>\n\t\t<div class=\"elementor-element elementor-element-67a4199 e-con-full e-flex e-con e-child\" data-id=\"67a4199\" data-element_type=\"container\" data-e-type=\"container\">\n\t\t<div class=\"elementor-element elementor-element-b8877ca e-con-full e-flex e-con e-child\" data-id=\"b8877ca\" data-element_type=\"container\" data-e-type=\"container\" data-settings=\"{&quot;background_background&quot;:&quot;classic&quot;}\">\n\t\t\t\t<div class=\"elementor-element elementor-element-000093e elementor-widget elementor-widget-heading\" data-id=\"000093e\" data-element_type=\"widget\" data-e-type=\"widget\" data-widget_type=\"heading.default\">\n\t\t\t\t<div class=\"elementor-widget-container\">\n\t\t\t\t\t<h3 class=\"elementor-heading-title elementor-size-default\">Glucosa y salud<\/h3>\t\t\t\t<\/div>\n\t\t\t\t<\/div>\n\t\t\t\t<\/div>\n\t\t<div class=\"elementor-element elementor-element-72da025 e-con-full e-flex e-con e-child\" data-id=\"72da025\" data-element_type=\"container\" data-e-type=\"container\" data-settings=\"{&quot;background_background&quot;:&quot;classic&quot;}\">\n\t\t\t\t<div class=\"elementor-element elementor-element-383dea0 elementor-widget elementor-widget-heading\" data-id=\"383dea0\" data-element_type=\"widget\" data-e-type=\"widget\" data-widget_type=\"heading.default\">\n\t\t\t\t<div class=\"elementor-widget-container\">\n\t\t\t\t\t<h3 class=\"elementor-heading-title elementor-size-default\">Tu cocina viva<\/h3>\t\t\t\t<\/div>\n\t\t\t\t<\/div>\n\t\t\t\t<\/div>\n\t\t<div class=\"elementor-element elementor-element-94a6ef3 e-con-full e-flex e-con e-child\" data-id=\"94a6ef3\" data-element_type=\"container\" data-e-type=\"container\" data-settings=\"{&quot;background_background&quot;:&quot;classic&quot;}\">\n\t\t\t\t<div class=\"elementor-element elementor-element-0727b2d elementor-widget elementor-widget-heading\" data-id=\"0727b2d\" data-element_type=\"widget\" data-e-type=\"widget\" data-widget_type=\"heading.default\">\n\t\t\t\t<div class=\"elementor-widget-container\">\n\t\t\t\t\t<h3 class=\"elementor-heading-title elementor-size-default\">Armon\u00eda vital<\/h3>\t\t\t\t<\/div>\n\t\t\t\t<\/div>\n\t\t\t\t<\/div>\n\t\t<div class=\"elementor-element elementor-element-0d20c3f e-con-full e-flex e-con e-child\" data-id=\"0d20c3f\" data-element_type=\"container\" data-e-type=\"container\" data-settings=\"{&quot;background_background&quot;:&quot;classic&quot;}\">\n\t\t\t\t<div class=\"elementor-element elementor-element-d225159 elementor-widget elementor-widget-heading\" data-id=\"d225159\" data-element_type=\"widget\" data-e-type=\"widget\" data-widget_type=\"heading.default\">\n\t\t\t\t<div class=\"elementor-widget-container\">\n\t\t\t\t\t<h3 class=\"elementor-heading-title elementor-size-default\">(Bonus) Microhabitos<\/h3>\t\t\t\t<\/div>\n\t\t\t\t<\/div>\n\t\t\t\t<\/div>\n\t\t\t\t<\/div>\n\t\t\t\t<\/div>\n\t\t\t\t<div class=\"elementor-element elementor-element-e3f1b94 elementor-widget elementor-widget-heading\" data-id=\"e3f1b94\" data-element_type=\"widget\" data-e-type=\"widget\" data-widget_type=\"heading.default\">\n\t\t\t\t<div class=\"elementor-widget-container\">\n\t\t\t\t\t<h2 class=\"elementor-heading-title elementor-size-default\">$29 USD<\/h2>\t\t\t\t<\/div>\n\t\t\t\t<\/div>\n\t\t\t\t<\/div>\n\t\t\t\t<\/a>\n\t\t\t\t\t<\/div>\n\t\t\t\t<\/div>\n\t\t<div class=\"elementor-element elementor-element-3930540 e-flex e-con-boxed e-con e-parent\" data-id=\"3930540\" data-element_type=\"container\" data-e-type=\"container\">\n\t\t\t\t\t<div class=\"e-con-inner\">\n\t\t<a class=\"elementor-element elementor-element-054c699 e-con-full e-transform e-flex e-con e-child\" data-id=\"054c699\" data-element_type=\"container\" data-e-type=\"container\" data-settings=\"{&quot;_transform_scale_effect_hover&quot;:{&quot;unit&quot;:&quot;px&quot;,&quot;size&quot;:1.02,&quot;sizes&quot;:[]},&quot;_transform_scale_effect_hover_tablet&quot;:{&quot;unit&quot;:&quot;px&quot;,&quot;size&quot;:&quot;&quot;,&quot;sizes&quot;:[]},&quot;_transform_scale_effect_hover_mobile&quot;:{&quot;unit&quot;:&quot;px&quot;,&quot;size&quot;:&quot;&quot;,&quot;sizes&quot;:[]}}\" href=\"https:\/\/saludat.net\/index.php\/ebooks\/salud-y-glucosa\/\">\n\t\t\t\t<div class=\"elementor-element elementor-element-2c99885 elementor-widget elementor-widget-image\" data-id=\"2c99885\" data-element_type=\"widget\" data-e-type=\"widget\" data-widget_type=\"image.default\">\n\t\t\t\t<div class=\"elementor-widget-container\">\n\t\t\t\t\t\t\t\t\t\t\t\t\t\t\t<img decoding=\"async\" width=\"600\" height=\"600\" src=\"https:\/\/saludat.net\/wp-content\/uploads\/2026\/04\/COVER.png\" class=\"attachment-full size-full wp-image-5367\" alt=\"\" srcset=\"https:\/\/saludat.net\/wp-content\/uploads\/2026\/04\/COVER.png 600w, https:\/\/saludat.net\/wp-content\/uploads\/2026\/04\/COVER-300x300.png 300w, https:\/\/saludat.net\/wp-content\/uploads\/2026\/04\/COVER-150x150.png 150w, https:\/\/saludat.net\/wp-content\/uploads\/2026\/04\/COVER-100x100.png 100w\" sizes=\"(max-width: 600px) 100vw, 600px\" \/>\t\t\t\t\t\t\t\t\t\t\t\t\t\t\t<\/div>\n\t\t\t\t<\/div>\n\t\t<div class=\"elementor-element elementor-element-dc61c38 e-con-full e-flex e-con e-child\" data-id=\"dc61c38\" data-element_type=\"container\" data-e-type=\"container\">\n\t\t<div class=\"elementor-element elementor-element-cc36060 e-con-full e-flex e-con e-child\" data-id=\"cc36060\" data-element_type=\"container\" data-e-type=\"container\">\n\t\t\t\t<div class=\"elementor-element elementor-element-5ebe8ec elementor-widget elementor-widget-heading\" data-id=\"5ebe8ec\" data-element_type=\"widget\" data-e-type=\"widget\" data-widget_type=\"heading.default\">\n\t\t\t\t<div class=\"elementor-widget-container\">\n\t\t\t\t\t<h2 class=\"elementor-heading-title elementor-size-default\">Glucosa y salud<\/h2>\t\t\t\t<\/div>\n\t\t\t\t<\/div>\n\t\t\t\t<div class=\"elementor-element elementor-element-d05659f elementor-widget elementor-widget-heading\" data-id=\"d05659f\" data-element_type=\"widget\" data-e-type=\"widget\" data-widget_type=\"heading.default\">\n\t\t\t\t<div class=\"elementor-widget-container\">\n\t\t\t\t\t<h2 class=\"elementor-heading-title elementor-size-default\">Dora Cotamo<\/h2>\t\t\t\t<\/div>\n\t\t\t\t<\/div>\n\t\t\t\t<\/div>\n\t\t\t\t<div class=\"elementor-element elementor-element-e69f1aa elementor-widget elementor-widget-heading\" data-id=\"e69f1aa\" data-element_type=\"widget\" data-e-type=\"widget\" data-widget_type=\"heading.default\">\n\t\t\t\t<div class=\"elementor-widget-container\">\n\t\t\t\t\t<h2 class=\"elementor-heading-title elementor-size-default\">$11 USD<\/h2>\t\t\t\t<\/div>\n\t\t\t\t<\/div>\n\t\t\t\t<\/div>\n\t\t\t\t<\/a>\n\t\t<a class=\"elementor-element elementor-element-014a914 e-con-full e-transform e-flex e-con e-child\" data-id=\"014a914\" data-element_type=\"container\" data-e-type=\"container\" data-settings=\"{&quot;_transform_scale_effect_hover&quot;:{&quot;unit&quot;:&quot;px&quot;,&quot;size&quot;:1.02,&quot;sizes&quot;:[]},&quot;_transform_scale_effect_hover_tablet&quot;:{&quot;unit&quot;:&quot;px&quot;,&quot;size&quot;:&quot;&quot;,&quot;sizes&quot;:[]},&quot;_transform_scale_effect_hover_mobile&quot;:{&quot;unit&quot;:&quot;px&quot;,&quot;size&quot;:&quot;&quot;,&quot;sizes&quot;:[]}}\" href=\"https:\/\/saludat.net\/index.php\/ebooks\/tu-cocina-viva\/\">\n\t\t\t\t<div class=\"elementor-element elementor-element-017df17 elementor-widget elementor-widget-image\" data-id=\"017df17\" data-element_type=\"widget\" data-e-type=\"widget\" data-widget_type=\"image.default\">\n\t\t\t\t<div class=\"elementor-widget-container\">\n\t\t\t\t\t\t\t\t\t\t\t\t\t\t\t<img decoding=\"async\" width=\"600\" height=\"600\" src=\"https:\/\/saludat.net\/wp-content\/uploads\/2026\/04\/COVER-Tu-cocina-viva-600.png\" class=\"attachment-full size-full wp-image-5426\" alt=\"\" srcset=\"https:\/\/saludat.net\/wp-content\/uploads\/2026\/04\/COVER-Tu-cocina-viva-600.png 600w, https:\/\/saludat.net\/wp-content\/uploads\/2026\/04\/COVER-Tu-cocina-viva-600-300x300.png 300w, https:\/\/saludat.net\/wp-content\/uploads\/2026\/04\/COVER-Tu-cocina-viva-600-150x150.png 150w, https:\/\/saludat.net\/wp-content\/uploads\/2026\/04\/COVER-Tu-cocina-viva-600-100x100.png 100w\" sizes=\"(max-width: 600px) 100vw, 600px\" \/>\t\t\t\t\t\t\t\t\t\t\t\t\t\t\t<\/div>\n\t\t\t\t<\/div>\n\t\t<div class=\"elementor-element elementor-element-6f7bf91 e-con-full e-flex e-con e-child\" data-id=\"6f7bf91\" data-element_type=\"container\" data-e-type=\"container\">\n\t\t<div class=\"elementor-element elementor-element-97ef4be e-con-full e-flex e-con e-child\" data-id=\"97ef4be\" data-element_type=\"container\" data-e-type=\"container\">\n\t\t\t\t<div class=\"elementor-element elementor-element-6816bb8 elementor-widget elementor-widget-heading\" data-id=\"6816bb8\" data-element_type=\"widget\" data-e-type=\"widget\" data-widget_type=\"heading.default\">\n\t\t\t\t<div class=\"elementor-widget-container\">\n\t\t\t\t\t<h2 class=\"elementor-heading-title elementor-size-default\">Tu cocina viva<\/h2>\t\t\t\t<\/div>\n\t\t\t\t<\/div>\n\t\t\t\t<div class=\"elementor-element elementor-element-34cc80d elementor-widget elementor-widget-heading\" data-id=\"34cc80d\" data-element_type=\"widget\" data-e-type=\"widget\" data-widget_type=\"heading.default\">\n\t\t\t\t<div class=\"elementor-widget-container\">\n\t\t\t\t\t<h2 class=\"elementor-heading-title elementor-size-default\">Dora Cotamo<\/h2>\t\t\t\t<\/div>\n\t\t\t\t<\/div>\n\t\t\t\t<\/div>\n\t\t\t\t<div class=\"elementor-element elementor-element-1851ea5 elementor-widget elementor-widget-heading\" data-id=\"1851ea5\" data-element_type=\"widget\" data-e-type=\"widget\" data-widget_type=\"heading.default\">\n\t\t\t\t<div class=\"elementor-widget-container\">\n\t\t\t\t\t<h2 class=\"elementor-heading-title elementor-size-default\">$11 USD<\/h2>\t\t\t\t<\/div>\n\t\t\t\t<\/div>\n\t\t\t\t<\/div>\n\t\t\t\t<\/a>\n\t\t<a class=\"elementor-element elementor-element-a3a09a5 e-con-full e-transform e-flex e-con e-child\" data-id=\"a3a09a5\" data-element_type=\"container\" data-e-type=\"container\" data-settings=\"{&quot;_transform_scale_effect_hover&quot;:{&quot;unit&quot;:&quot;px&quot;,&quot;size&quot;:1.02,&quot;sizes&quot;:[]},&quot;_transform_scale_effect_hover_tablet&quot;:{&quot;unit&quot;:&quot;px&quot;,&quot;size&quot;:&quot;&quot;,&quot;sizes&quot;:[]},&quot;_transform_scale_effect_hover_mobile&quot;:{&quot;unit&quot;:&quot;px&quot;,&quot;size&quot;:&quot;&quot;,&quot;sizes&quot;:[]}}\" href=\"https:\/\/saludat.net\/index.php\/ebooks\/armonia-vital\/\">\n\t\t\t\t<div class=\"elementor-element elementor-element-d442119 elementor-widget elementor-widget-image\" data-id=\"d442119\" data-element_type=\"widget\" data-e-type=\"widget\" data-widget_type=\"image.default\">\n\t\t\t\t<div class=\"elementor-widget-container\">\n\t\t\t\t\t\t\t\t\t\t\t\t\t\t\t<img loading=\"lazy\" decoding=\"async\" width=\"600\" height=\"600\" src=\"https:\/\/saludat.net\/wp-content\/uploads\/2026\/04\/COVER-3.png\" class=\"attachment-full size-full wp-image-5417\" alt=\"\" srcset=\"https:\/\/saludat.net\/wp-content\/uploads\/2026\/04\/COVER-3.png 600w, https:\/\/saludat.net\/wp-content\/uploads\/2026\/04\/COVER-3-300x300.png 300w, https:\/\/saludat.net\/wp-content\/uploads\/2026\/04\/COVER-3-150x150.png 150w, https:\/\/saludat.net\/wp-content\/uploads\/2026\/04\/COVER-3-100x100.png 100w\" sizes=\"(max-width: 600px) 100vw, 600px\" \/>\t\t\t\t\t\t\t\t\t\t\t\t\t\t\t<\/div>\n\t\t\t\t<\/div>\n\t\t<div class=\"elementor-element elementor-element-f2f7bd8 e-con-full e-flex e-con e-child\" data-id=\"f2f7bd8\" data-element_type=\"container\" data-e-type=\"container\">\n\t\t<div class=\"elementor-element elementor-element-7aea111 e-con-full e-flex e-con e-child\" data-id=\"7aea111\" data-element_type=\"container\" data-e-type=\"container\">\n\t\t\t\t<div class=\"elementor-element elementor-element-b405d55 elementor-widget elementor-widget-heading\" data-id=\"b405d55\" data-element_type=\"widget\" data-e-type=\"widget\" data-widget_type=\"heading.default\">\n\t\t\t\t<div class=\"elementor-widget-container\">\n\t\t\t\t\t<h2 class=\"elementor-heading-title elementor-size-default\">Armon\u00eda vital<\/h2>\t\t\t\t<\/div>\n\t\t\t\t<\/div>\n\t\t\t\t<div class=\"elementor-element elementor-element-b29a3cd elementor-widget elementor-widget-heading\" data-id=\"b29a3cd\" data-element_type=\"widget\" data-e-type=\"widget\" data-widget_type=\"heading.default\">\n\t\t\t\t<div class=\"elementor-widget-container\">\n\t\t\t\t\t<h2 class=\"elementor-heading-title elementor-size-default\">Dora Cotamo<\/h2>\t\t\t\t<\/div>\n\t\t\t\t<\/div>\n\t\t\t\t<\/div>\n\t\t\t\t<div class=\"elementor-element elementor-element-21716bc elementor-widget elementor-widget-heading\" data-id=\"21716bc\" data-element_type=\"widget\" data-e-type=\"widget\" data-widget_type=\"heading.default\">\n\t\t\t\t<div class=\"elementor-widget-container\">\n\t\t\t\t\t<h2 class=\"elementor-heading-title elementor-size-default\">$11 USD<\/h2>\t\t\t\t<\/div>\n\t\t\t\t<\/div>\n\t\t\t\t<\/div>\n\t\t\t\t<\/a>\n\t\t\t\t\t<\/div>\n\t\t\t\t<\/div>\n\t\t\t\t<\/div>\n\t\t","protected":false},"excerpt":{"rendered":"<p>Pilar Metab\u00f3lismo Pack Metab\u00f3lismo 3 ebook para recuperar tu bienestar Glucosa y salud Tu cocina viva Armon\u00eda vital (Bonus) Microhabitos $29 USD Glucosa y salud Dora Cotamo $11 USD Tu cocina viva Dora Cotamo $11 USD Armon\u00eda vital Dora Cotamo $11 USD<\/p>\n","protected":false},"author":8,"featured_media":0,"parent":0,"menu_order":0,"comment_status":"closed","ping_status":"closed","template":"","meta":{"footnotes":""},"class_list":["post-5286","page","type-page","status-publish","hentry"],"yoast_head":"<!-- This site is optimized with the Yoast SEO plugin v27.4 - https:\/\/yoast.com\/product\/yoast-seo-wordpress\/ -->\n<title>Ebooks - SaludAT<\/title>\n<meta name=\"robots\" content=\"index, follow, max-snippet:-1, max-image-preview:large, max-video-preview:-1\" \/>\n<link rel=\"canonical\" href=\"https:\/\/saludat.net\/index.php\/ebooks\/\" \/>\n<meta property=\"og:locale\" content=\"es_ES\" \/>\n<meta property=\"og:type\" content=\"article\" \/>\n<meta property=\"og:title\" content=\"Ebooks - SaludAT\" \/>\n<meta property=\"og:description\" content=\"Pilar Metab\u00f3lismo Pack Metab\u00f3lismo 3 ebook para recuperar tu bienestar Glucosa y salud Tu cocina viva Armon\u00eda vital (Bonus) Microhabitos $29 USD Glucosa y salud Dora Cotamo $11 USD Tu cocina viva Dora Cotamo $11 USD Armon\u00eda vital Dora Cotamo $11 USD\" \/>\n<meta property=\"og:url\" content=\"https:\/\/saludat.net\/index.php\/ebooks\/\" \/>\n<meta property=\"og:site_name\" content=\"SaludAT\" \/>\n<meta property=\"article:modified_time\" content=\"2026-04-08T19:42:31+00:00\" \/>\n<meta property=\"og:image\" content=\"https:\/\/saludat.net\/wp-content\/uploads\/2026\/04\/Ebook-Cover-Hotmart-Glucosa-y-Salud-600-x-600-px-2-1024x1024.png\" \/>\n\t<meta property=\"og:image:width\" content=\"1024\" \/>\n\t<meta property=\"og:image:height\" content=\"1024\" \/>\n\t<meta property=\"og:image:type\" content=\"image\/png\" \/>\n<meta name=\"twitter:card\" content=\"summary_large_image\" \/>\n<meta name=\"twitter:label1\" content=\"Tiempo de lectura\" \/>\n\t<meta name=\"twitter:data1\" content=\"1 minuto\" \/>\n<script type=\"application\/ld+json\" class=\"yoast-schema-graph\">{\"@context\":\"https:\\\/\\\/schema.org\",\"@graph\":[{\"@type\":\"WebPage\",\"@id\":\"https:\\\/\\\/saludat.net\\\/index.php\\\/ebooks\\\/\",\"url\":\"https:\\\/\\\/saludat.net\\\/index.php\\\/ebooks\\\/\",\"name\":\"Ebooks - SaludAT\",\"isPartOf\":{\"@id\":\"https:\\\/\\\/saludat.net\\\/#website\"},\"primaryImageOfPage\":{\"@id\":\"https:\\\/\\\/saludat.net\\\/index.php\\\/ebooks\\\/#primaryimage\"},\"image\":{\"@id\":\"https:\\\/\\\/saludat.net\\\/index.php\\\/ebooks\\\/#primaryimage\"},\"thumbnailUrl\":\"http:\\\/\\\/saludat.net\\\/wp-content\\\/uploads\\\/2026\\\/04\\\/Ebook-Cover-Hotmart-Glucosa-y-Salud-600-x-600-px-2.png\",\"datePublished\":\"2026-03-31T03:22:22+00:00\",\"dateModified\":\"2026-04-08T19:42:31+00:00\",\"breadcrumb\":{\"@id\":\"https:\\\/\\\/saludat.net\\\/index.php\\\/ebooks\\\/#breadcrumb\"},\"inLanguage\":\"es-CO\",\"potentialAction\":[{\"@type\":\"ReadAction\",\"target\":[\"https:\\\/\\\/saludat.net\\\/index.php\\\/ebooks\\\/\"]}]},{\"@type\":\"ImageObject\",\"inLanguage\":\"es-CO\",\"@id\":\"https:\\\/\\\/saludat.net\\\/index.php\\\/ebooks\\\/#primaryimage\",\"url\":\"https:\\\/\\\/saludat.net\\\/wp-content\\\/uploads\\\/2026\\\/04\\\/Ebook-Cover-Hotmart-Glucosa-y-Salud-600-x-600-px-2.png\",\"contentUrl\":\"https:\\\/\\\/saludat.net\\\/wp-content\\\/uploads\\\/2026\\\/04\\\/Ebook-Cover-Hotmart-Glucosa-y-Salud-600-x-600-px-2.png\",\"width\":1800,\"height\":1800},{\"@type\":\"BreadcrumbList\",\"@id\":\"https:\\\/\\\/saludat.net\\\/index.php\\\/ebooks\\\/#breadcrumb\",\"itemListElement\":[{\"@type\":\"ListItem\",\"position\":1,\"name\":\"Home\",\"item\":\"https:\\\/\\\/saludat.net\\\/\"},{\"@type\":\"ListItem\",\"position\":2,\"name\":\"Ebooks\"}]},{\"@type\":\"WebSite\",\"@id\":\"https:\\\/\\\/saludat.net\\\/#website\",\"url\":\"https:\\\/\\\/saludat.net\\\/\",\"name\":\"SaludAT\",\"description\":\"Nutrici\u00f3n Holistica \",\"publisher\":{\"@id\":\"https:\\\/\\\/saludat.net\\\/#organization\"},\"potentialAction\":[{\"@type\":\"SearchAction\",\"target\":{\"@type\":\"EntryPoint\",\"urlTemplate\":\"https:\\\/\\\/saludat.net\\\/?s={search_term_string}\"},\"query-input\":{\"@type\":\"PropertyValueSpecification\",\"valueRequired\":true,\"valueName\":\"search_term_string\"}}],\"inLanguage\":\"es-CO\"},{\"@type\":\"Organization\",\"@id\":\"https:\\\/\\\/saludat.net\\\/#organization\",\"name\":\"SaludAT\",\"url\":\"https:\\\/\\\/saludat.net\\\/\",\"logo\":{\"@type\":\"ImageObject\",\"inLanguage\":\"es-CO\",\"@id\":\"https:\\\/\\\/saludat.net\\\/#\\\/schema\\\/logo\\\/image\\\/\",\"url\":\"https:\\\/\\\/saludat.net\\\/wp-content\\\/uploads\\\/2025\\\/02\\\/cropped-sIMBOLO.png\",\"contentUrl\":\"https:\\\/\\\/saludat.net\\\/wp-content\\\/uploads\\\/2025\\\/02\\\/cropped-sIMBOLO.png\",\"width\":889,\"height\":1001,\"caption\":\"SaludAT\"},\"image\":{\"@id\":\"https:\\\/\\\/saludat.net\\\/#\\\/schema\\\/logo\\\/image\\\/\"}}]}<\/script>\n<!-- \/ Yoast SEO plugin. -->","yoast_head_json":{"title":"Ebooks - SaludAT","robots":{"index":"index","follow":"follow","max-snippet":"max-snippet:-1","max-image-preview":"max-image-preview:large","max-video-preview":"max-video-preview:-1"},"canonical":"https:\/\/saludat.net\/index.php\/ebooks\/","og_locale":"es_ES","og_type":"article","og_title":"Ebooks - SaludAT","og_description":"Pilar Metab\u00f3lismo Pack Metab\u00f3lismo 3 ebook para recuperar tu bienestar Glucosa y salud Tu cocina viva Armon\u00eda vital (Bonus) Microhabitos $29 USD Glucosa y salud Dora Cotamo $11 USD Tu cocina viva Dora Cotamo $11 USD Armon\u00eda vital Dora Cotamo $11 USD","og_url":"https:\/\/saludat.net\/index.php\/ebooks\/","og_site_name":"SaludAT","article_modified_time":"2026-04-08T19:42:31+00:00","og_image":[{"width":1024,"height":1024,"url":"https:\/\/saludat.net\/wp-content\/uploads\/2026\/04\/Ebook-Cover-Hotmart-Glucosa-y-Salud-600-x-600-px-2-1024x1024.png","type":"image\/png"}],"twitter_card":"summary_large_image","twitter_misc":{"Tiempo de lectura":"1 minuto"},"schema":{"@context":"https:\/\/schema.org","@graph":[{"@type":"WebPage","@id":"https:\/\/saludat.net\/index.php\/ebooks\/","url":"https:\/\/saludat.net\/index.php\/ebooks\/","name":"Ebooks - SaludAT","isPartOf":{"@id":"https:\/\/saludat.net\/#website"},"primaryImageOfPage":{"@id":"https:\/\/saludat.net\/index.php\/ebooks\/#primaryimage"},"image":{"@id":"https:\/\/saludat.net\/index.php\/ebooks\/#primaryimage"},"thumbnailUrl":"http:\/\/saludat.net\/wp-content\/uploads\/2026\/04\/Ebook-Cover-Hotmart-Glucosa-y-Salud-600-x-600-px-2.png","datePublished":"2026-03-31T03:22:22+00:00","dateModified":"2026-04-08T19:42:31+00:00","breadcrumb":{"@id":"https:\/\/saludat.net\/index.php\/ebooks\/#breadcrumb"},"inLanguage":"es-CO","potentialAction":[{"@type":"ReadAction","target":["https:\/\/saludat.net\/index.php\/ebooks\/"]}]},{"@type":"ImageObject","inLanguage":"es-CO","@id":"https:\/\/saludat.net\/index.php\/ebooks\/#primaryimage","url":"https:\/\/saludat.net\/wp-content\/uploads\/2026\/04\/Ebook-Cover-Hotmart-Glucosa-y-Salud-600-x-600-px-2.png","contentUrl":"https:\/\/saludat.net\/wp-content\/uploads\/2026\/04\/Ebook-Cover-Hotmart-Glucosa-y-Salud-600-x-600-px-2.png","width":1800,"height":1800},{"@type":"BreadcrumbList","@id":"https:\/\/saludat.net\/index.php\/ebooks\/#breadcrumb","itemListElement":[{"@type":"ListItem","position":1,"name":"Home","item":"https:\/\/saludat.net\/"},{"@type":"ListItem","position":2,"name":"Ebooks"}]},{"@type":"WebSite","@id":"https:\/\/saludat.net\/#website","url":"https:\/\/saludat.net\/","name":"SaludAT","description":"Nutrici\u00f3n Holistica ","publisher":{"@id":"https:\/\/saludat.net\/#organization"},"potentialAction":[{"@type":"SearchAction","target":{"@type":"EntryPoint","urlTemplate":"https:\/\/saludat.net\/?s={search_term_string}"},"query-input":{"@type":"PropertyValueSpecification","valueRequired":true,"valueName":"search_term_string"}}],"inLanguage":"es-CO"},{"@type":"Organization","@id":"https:\/\/saludat.net\/#organization","name":"SaludAT","url":"https:\/\/saludat.net\/","logo":{"@type":"ImageObject","inLanguage":"es-CO","@id":"https:\/\/saludat.net\/#\/schema\/logo\/image\/","url":"https:\/\/saludat.net\/wp-content\/uploads\/2025\/02\/cropped-sIMBOLO.png","contentUrl":"https:\/\/saludat.net\/wp-content\/uploads\/2025\/02\/cropped-sIMBOLO.png","width":889,"height":1001,"caption":"SaludAT"},"image":{"@id":"https:\/\/saludat.net\/#\/schema\/logo\/image\/"}}]}},"_links":{"self":[{"href":"https:\/\/saludat.net\/index.php\/wp-json\/wp\/v2\/pages\/5286","targetHints":{"allow":["GET"]}}],"collection":[{"href":"https:\/\/saludat.net\/index.php\/wp-json\/wp\/v2\/pages"}],"about":[{"href":"https:\/\/saludat.net\/index.php\/wp-json\/wp\/v2\/types\/page"}],"author":[{"embeddable":true,"href":"https:\/\/saludat.net\/index.php\/wp-json\/wp\/v2\/users\/8"}],"replies":[{"embeddable":true,"href":"https:\/\/saludat.net\/index.php\/wp-json\/wp\/v2\/comments?post=5286"}],"version-history":[{"count":49,"href":"https:\/\/saludat.net\/index.php\/wp-json\/wp\/v2\/pages\/5286\/revisions"}],"predecessor-version":[{"id":5506,"href":"https:\/\/saludat.net\/index.php\/wp-json\/wp\/v2\/pages\/5286\/revisions\/5506"}],"wp:attachment":[{"href":"https:\/\/saludat.net\/index.php\/wp-json\/wp\/v2\/media?parent=5286"}],"curies":[{"name":"wp","href":"https:\/\/api.w.org\/{rel}","templated":true}]}}