{"id":2521,"date":"2022-10-03T18:01:34","date_gmt":"2022-10-03T18:01:34","guid":{"rendered":"https:\/\/saludat.net\/?page_id=2521"},"modified":"2026-04-04T03:52:10","modified_gmt":"2026-04-04T03:52:10","slug":"sobre-nosotros","status":"publish","type":"page","link":"https:\/\/saludat.net\/index.php\/sobre-nosotros\/","title":{"rendered":"Sobre SaludAT"},"content":{"rendered":"\t\t<div data-elementor-type=\"wp-page\" data-elementor-id=\"2521\" class=\"elementor elementor-2521\" data-elementor-post-type=\"page\">\n\t\t\t\t\t\t<section class=\"elementor-section elementor-top-section elementor-element elementor-element-99fceed elementor-section-boxed elementor-section-height-default elementor-section-height-default\" data-id=\"99fceed\" data-element_type=\"section\" data-e-type=\"section\">\n\t\t\t\t\t\t<div class=\"elementor-container elementor-column-gap-default\">\n\t\t\t\t\t<div class=\"elementor-column elementor-col-100 elementor-top-column elementor-element elementor-element-062c016\" data-id=\"062c016\" data-element_type=\"column\" data-e-type=\"column\">\n\t\t\t<div class=\"elementor-widget-wrap elementor-element-populated\">\n\t\t\t\t\t\t<div class=\"elementor-element elementor-element-4780f99 elementor-hidden-desktop elementor-widget elementor-widget-heading\" data-id=\"4780f99\" data-element_type=\"widget\" data-e-type=\"widget\" data-widget_type=\"heading.default\">\n\t\t\t\t<div class=\"elementor-widget-container\">\n\t\t\t\t\t<h1 class=\"elementor-heading-title elementor-size-xl\">Nuestra salud cuenta una historia<br>\u00bfCu\u00e1l es la tuya?<\/h1>\t\t\t\t<\/div>\n\t\t\t\t<\/div>\n\t\t\t\t<div class=\"elementor-element elementor-element-49b4c87 elementor-hidden-tablet elementor-hidden-mobile elementor-widget elementor-widget-heading\" data-id=\"49b4c87\" data-element_type=\"widget\" data-e-type=\"widget\" data-widget_type=\"heading.default\">\n\t\t\t\t<div class=\"elementor-widget-container\">\n\t\t\t\t\t<h1 class=\"elementor-heading-title elementor-size-xxl\">Nuestra salud cuenta una historia<br>\u00bfCu\u00e1l es la tuya?<\/h1>\t\t\t\t<\/div>\n\t\t\t\t<\/div>\n\t\t\t\t<div class=\"elementor-element elementor-element-36f614c elementor-widget elementor-widget-image\" data-id=\"36f614c\" data-element_type=\"widget\" data-e-type=\"widget\" data-widget_type=\"image.default\">\n\t\t\t\t<div class=\"elementor-widget-container\">\n\t\t\t\t\t\t\t\t\t\t\t\t\t\t\t<img fetchpriority=\"high\" decoding=\"async\" width=\"800\" height=\"185\" src=\"https:\/\/saludat.net\/wp-content\/uploads\/2022\/07\/Imagotipo@2x-Blanco-y-Verde-olivo-1.svg\" class=\"attachment-large size-large wp-image-4977\" alt=\"\" \/>\t\t\t\t\t\t\t\t\t\t\t\t\t\t\t<\/div>\n\t\t\t\t<\/div>\n\t\t\t\t<div class=\"elementor-element elementor-element-c3d6d34 elementor-widget elementor-widget-spacer\" data-id=\"c3d6d34\" data-element_type=\"widget\" data-e-type=\"widget\" data-widget_type=\"spacer.default\">\n\t\t\t\t<div class=\"elementor-widget-container\">\n\t\t\t\t\t\t\t<div class=\"elementor-spacer\">\n\t\t\t<div class=\"elementor-spacer-inner\"><\/div>\n\t\t<\/div>\n\t\t\t\t\t\t<\/div>\n\t\t\t\t<\/div>\n\t\t\t\t<section class=\"elementor-section elementor-inner-section elementor-element elementor-element-ef5ec12 elementor-section-boxed elementor-section-height-default elementor-section-height-default\" data-id=\"ef5ec12\" data-element_type=\"section\" data-e-type=\"section\">\n\t\t\t\t\t\t<div class=\"elementor-container elementor-column-gap-default\">\n\t\t\t\t\t<div class=\"elementor-column elementor-col-100 elementor-inner-column elementor-element elementor-element-94544b0\" data-id=\"94544b0\" data-element_type=\"column\" data-e-type=\"column\">\n\t\t\t<div class=\"elementor-widget-wrap elementor-element-populated\">\n\t\t\t\t\t\t<div class=\"elementor-element elementor-element-c0425ad elementor-widget elementor-widget-text-editor\" data-id=\"c0425ad\" data-element_type=\"widget\" data-e-type=\"widget\" data-widget_type=\"text-editor.default\">\n\t\t\t\t<div class=\"elementor-widget-container\">\n\t\t\t\t\t\t\t\t\t<p><strong>SaludAT\u00ae<\/strong> es un espacio que a trav\u00e9s de su programa NutriIntuicion\u00ae, te invita a un viaje personal donde reconoces la historia que cuenta tu salud, para continuar escribi\u00e9ndola de forma consciente a trav\u00e9s de tu relaci\u00f3n con los alimentos y cuyos ingredientes m\u00e1s importantes los colocas tu:\u00a0 Amor y Tiempo.<\/p><p>Esa historia personal la vas comprendiendo a trav\u00e9s de una reflexi\u00f3n sobre tus h\u00e1bitos alimenticios, las creencias, la gesti\u00f3n de las emociones y pensamientos, tus relaciones personales y tu auto conocimiento, entre otros.\u00a0\u00a0<\/p><p>Es un Recorrido Unico, Individual y que haces a tu propio ritmo, paso a paso con Amor por ti mismo reflejado en el Tiempo que dedicas a este acto de Nutrirte de forma Integral, Cuerpo, Mente y Espiritu.<\/p>\t\t\t\t\t\t\t\t<\/div>\n\t\t\t\t<\/div>\n\t\t\t\t\t<\/div>\n\t\t<\/div>\n\t\t\t\t\t<\/div>\n\t\t<\/section>\n\t\t\t\t<div class=\"elementor-element elementor-element-df2f8aa elementor-widget elementor-widget-spacer\" data-id=\"df2f8aa\" data-element_type=\"widget\" data-e-type=\"widget\" data-widget_type=\"spacer.default\">\n\t\t\t\t<div class=\"elementor-widget-container\">\n\t\t\t\t\t\t\t<div class=\"elementor-spacer\">\n\t\t\t<div class=\"elementor-spacer-inner\"><\/div>\n\t\t<\/div>\n\t\t\t\t\t\t<\/div>\n\t\t\t\t<\/div>\n\t\t\t\t<section class=\"elementor-section elementor-inner-section elementor-element elementor-element-d699efa elementor-section-boxed elementor-section-height-default elementor-section-height-default\" data-id=\"d699efa\" data-element_type=\"section\" data-e-type=\"section\">\n\t\t\t\t\t\t<div class=\"elementor-container elementor-column-gap-default\">\n\t\t\t\t\t<div class=\"elementor-column elementor-col-33 elementor-inner-column elementor-element elementor-element-f0c0571\" data-id=\"f0c0571\" data-element_type=\"column\" data-e-type=\"column\">\n\t\t\t<div class=\"elementor-widget-wrap elementor-element-populated\">\n\t\t\t\t\t\t<div class=\"elementor-element elementor-element-bcf48b9 elementor-widget elementor-widget-image\" data-id=\"bcf48b9\" data-element_type=\"widget\" data-e-type=\"widget\" data-widget_type=\"image.default\">\n\t\t\t\t<div class=\"elementor-widget-container\">\n\t\t\t\t\t\t\t\t\t\t\t\t\t\t\t<img decoding=\"async\" width=\"617\" height=\"1024\" src=\"https:\/\/saludat.net\/wp-content\/uploads\/2022\/10\/Group-3-617x1024.png\" class=\"attachment-large size-large wp-image-2503\" alt=\"\" srcset=\"https:\/\/saludat.net\/wp-content\/uploads\/2022\/10\/Group-3-617x1024.png 617w, https:\/\/saludat.net\/wp-content\/uploads\/2022\/10\/Group-3-181x300.png 181w, https:\/\/saludat.net\/wp-content\/uploads\/2022\/10\/Group-3-768x1274.png 768w, https:\/\/saludat.net\/wp-content\/uploads\/2022\/10\/Group-3-926x1536.png 926w, https:\/\/saludat.net\/wp-content\/uploads\/2022\/10\/Group-3-1234x2048.png 1234w, https:\/\/saludat.net\/wp-content\/uploads\/2022\/10\/Group-3-7x12.png 7w, https:\/\/saludat.net\/wp-content\/uploads\/2022\/10\/Group-3-600x996.png 600w, https:\/\/saludat.net\/wp-content\/uploads\/2022\/10\/Group-3.png 1250w\" sizes=\"(max-width: 617px) 100vw, 617px\" \/>\t\t\t\t\t\t\t\t\t\t\t\t\t\t\t<\/div>\n\t\t\t\t<\/div>\n\t\t\t\t\t<\/div>\n\t\t<\/div>\n\t\t\t\t<div class=\"elementor-column elementor-col-66 elementor-inner-column elementor-element elementor-element-69fd489\" data-id=\"69fd489\" data-element_type=\"column\" data-e-type=\"column\">\n\t\t\t<div class=\"elementor-widget-wrap elementor-element-populated\">\n\t\t\t\t\t\t<div class=\"elementor-element elementor-element-931c81f elementor-widget elementor-widget-text-editor\" data-id=\"931c81f\" data-element_type=\"widget\" data-e-type=\"widget\" data-widget_type=\"text-editor.default\">\n\t\t\t\t<div class=\"elementor-widget-container\">\n\t\t\t\t\t\t\t\t\t<div class=\"l7ghb35v kjdc1dyq kmwttqpk gh25dzvf jikcssrz n3t5jt4f\"><div dir=\"auto\">SaludAT nace como un deseo de compartir mis conocimientos y experiencias adquiridas en las diferentes etapas de mi vida donde esa b\u00fasqueda de Bienestar com\u00fan en todos, me llevo paralelo a mi formaci\u00f3n acad\u00e9mica como administradora de empresas, a cursar certificaciones y ser instructora en sanaci\u00f3n cu\u00e1ntica ( Quantum Touch), yoga, astrolog\u00eda entre otros, comer vegetariano por unos a\u00f1os, y de forma autodidacta llegar a la terapia Gerson y la Nueva Medicina del Dr. Hamer ante la enfermedad de mi padre, episodio que abri\u00f3 la puerta a incorporar de forma m\u00e1s consciente la importancia de los alimentos como medicina en mi vida y la de mi seres queridos, terminando finalmente en mi certificaci\u00f3n en Nutrici\u00f3n Hol\u00edstica Funcional.<\/div><div dir=\"auto\">\u00a0<\/div><\/div><div class=\"l7ghb35v kjdc1dyq kmwttqpk gh25dzvf jikcssrz n3t5jt4f\"><div dir=\"auto\">Mi invitaci\u00f3n entonces es a que te regales Amor y Tiempo, y te atrevas a embarcarte en este viaje hacia ti mismo, a trav\u00e9s de tu Salud y tu relaci\u00f3n con los alimentos.<\/div><\/div>\t\t\t\t\t\t\t\t<\/div>\n\t\t\t\t<\/div>\n\t\t\t\t\t<\/div>\n\t\t<\/div>\n\t\t\t\t\t<\/div>\n\t\t<\/section>\n\t\t\t\t\t<\/div>\n\t\t<\/div>\n\t\t\t\t\t<\/div>\n\t\t<\/section>\n\t\t\t\t<\/div>\n\t\t","protected":false},"excerpt":{"rendered":"<p>Nuestra salud cuenta una historia\u00bfCu\u00e1l es la tuya? Nuestra salud cuenta una historia\u00bfCu\u00e1l es la tuya? SaludAT\u00ae es un espacio que a trav\u00e9s de su programa NutriIntuicion\u00ae, te invita a un viaje personal donde reconoces la historia que cuenta tu salud, para continuar escribi\u00e9ndola de forma consciente a trav\u00e9s de tu relaci\u00f3n con los alimentos [&hellip;]<\/p>\n","protected":false},"author":8,"featured_media":0,"parent":0,"menu_order":0,"comment_status":"closed","ping_status":"closed","template":"","meta":{"footnotes":""},"class_list":["post-2521","page","type-page","status-publish","hentry"],"yoast_head":"<!-- This site is optimized with the Yoast SEO plugin v27.4 - https:\/\/yoast.com\/product\/yoast-seo-wordpress\/ -->\n<title>Sobre SaludAT - SaludAT<\/title>\n<meta name=\"robots\" content=\"index, follow, max-snippet:-1, max-image-preview:large, max-video-preview:-1\" \/>\n<link rel=\"canonical\" href=\"https:\/\/saludat.net\/index.php\/sobre-nosotros\/\" \/>\n<meta property=\"og:locale\" content=\"es_ES\" \/>\n<meta property=\"og:type\" content=\"article\" \/>\n<meta property=\"og:title\" content=\"Sobre SaludAT - SaludAT\" \/>\n<meta property=\"og:description\" content=\"Nuestra salud cuenta una historia\u00bfCu\u00e1l es la tuya? Nuestra salud cuenta una historia\u00bfCu\u00e1l es la tuya? SaludAT\u00ae es un espacio que a trav\u00e9s de su programa NutriIntuicion\u00ae, te invita a un viaje personal donde reconoces la historia que cuenta tu salud, para continuar escribi\u00e9ndola de forma consciente a trav\u00e9s de tu relaci\u00f3n con los alimentos [&hellip;]\" \/>\n<meta property=\"og:url\" content=\"https:\/\/saludat.net\/index.php\/sobre-nosotros\/\" \/>\n<meta property=\"og:site_name\" content=\"SaludAT\" \/>\n<meta property=\"article:modified_time\" content=\"2026-04-04T03:52:10+00:00\" \/>\n<meta name=\"twitter:card\" content=\"summary_large_image\" \/>\n<meta name=\"twitter:label1\" content=\"Tiempo de lectura\" \/>\n\t<meta name=\"twitter:data1\" content=\"2 minutos\" \/>\n<script type=\"application\/ld+json\" class=\"yoast-schema-graph\">{\"@context\":\"https:\\\/\\\/schema.org\",\"@graph\":[{\"@type\":\"WebPage\",\"@id\":\"https:\\\/\\\/saludat.net\\\/index.php\\\/sobre-nosotros\\\/\",\"url\":\"https:\\\/\\\/saludat.net\\\/index.php\\\/sobre-nosotros\\\/\",\"name\":\"Sobre SaludAT - SaludAT\",\"isPartOf\":{\"@id\":\"https:\\\/\\\/saludat.net\\\/#website\"},\"primaryImageOfPage\":{\"@id\":\"https:\\\/\\\/saludat.net\\\/index.php\\\/sobre-nosotros\\\/#primaryimage\"},\"image\":{\"@id\":\"https:\\\/\\\/saludat.net\\\/index.php\\\/sobre-nosotros\\\/#primaryimage\"},\"thumbnailUrl\":\"http:\\\/\\\/saludat.net\\\/wp-content\\\/uploads\\\/2022\\\/07\\\/Imagotipo@2x-Blanco-y-Verde-olivo-1.svg\",\"datePublished\":\"2022-10-03T18:01:34+00:00\",\"dateModified\":\"2026-04-04T03:52:10+00:00\",\"breadcrumb\":{\"@id\":\"https:\\\/\\\/saludat.net\\\/index.php\\\/sobre-nosotros\\\/#breadcrumb\"},\"inLanguage\":\"es-CO\",\"potentialAction\":[{\"@type\":\"ReadAction\",\"target\":[\"https:\\\/\\\/saludat.net\\\/index.php\\\/sobre-nosotros\\\/\"]}]},{\"@type\":\"ImageObject\",\"inLanguage\":\"es-CO\",\"@id\":\"https:\\\/\\\/saludat.net\\\/index.php\\\/sobre-nosotros\\\/#primaryimage\",\"url\":\"https:\\\/\\\/saludat.net\\\/wp-content\\\/uploads\\\/2022\\\/07\\\/Imagotipo@2x-Blanco-y-Verde-olivo-1.svg\",\"contentUrl\":\"https:\\\/\\\/saludat.net\\\/wp-content\\\/uploads\\\/2022\\\/07\\\/Imagotipo@2x-Blanco-y-Verde-olivo-1.svg\",\"width\":6491,\"height\":1501},{\"@type\":\"BreadcrumbList\",\"@id\":\"https:\\\/\\\/saludat.net\\\/index.php\\\/sobre-nosotros\\\/#breadcrumb\",\"itemListElement\":[{\"@type\":\"ListItem\",\"position\":1,\"name\":\"Home\",\"item\":\"https:\\\/\\\/saludat.net\\\/\"},{\"@type\":\"ListItem\",\"position\":2,\"name\":\"Sobre SaludAT\"}]},{\"@type\":\"WebSite\",\"@id\":\"https:\\\/\\\/saludat.net\\\/#website\",\"url\":\"https:\\\/\\\/saludat.net\\\/\",\"name\":\"SaludAT\",\"description\":\"Nutrici\u00f3n Holistica \",\"publisher\":{\"@id\":\"https:\\\/\\\/saludat.net\\\/#organization\"},\"potentialAction\":[{\"@type\":\"SearchAction\",\"target\":{\"@type\":\"EntryPoint\",\"urlTemplate\":\"https:\\\/\\\/saludat.net\\\/?s={search_term_string}\"},\"query-input\":{\"@type\":\"PropertyValueSpecification\",\"valueRequired\":true,\"valueName\":\"search_term_string\"}}],\"inLanguage\":\"es-CO\"},{\"@type\":\"Organization\",\"@id\":\"https:\\\/\\\/saludat.net\\\/#organization\",\"name\":\"SaludAT\",\"url\":\"https:\\\/\\\/saludat.net\\\/\",\"logo\":{\"@type\":\"ImageObject\",\"inLanguage\":\"es-CO\",\"@id\":\"https:\\\/\\\/saludat.net\\\/#\\\/schema\\\/logo\\\/image\\\/\",\"url\":\"https:\\\/\\\/saludat.net\\\/wp-content\\\/uploads\\\/2025\\\/02\\\/cropped-sIMBOLO.png\",\"contentUrl\":\"https:\\\/\\\/saludat.net\\\/wp-content\\\/uploads\\\/2025\\\/02\\\/cropped-sIMBOLO.png\",\"width\":889,\"height\":1001,\"caption\":\"SaludAT\"},\"image\":{\"@id\":\"https:\\\/\\\/saludat.net\\\/#\\\/schema\\\/logo\\\/image\\\/\"}}]}<\/script>\n<!-- \/ Yoast SEO plugin. -->","yoast_head_json":{"title":"Sobre SaludAT - SaludAT","robots":{"index":"index","follow":"follow","max-snippet":"max-snippet:-1","max-image-preview":"max-image-preview:large","max-video-preview":"max-video-preview:-1"},"canonical":"https:\/\/saludat.net\/index.php\/sobre-nosotros\/","og_locale":"es_ES","og_type":"article","og_title":"Sobre SaludAT - SaludAT","og_description":"Nuestra salud cuenta una historia\u00bfCu\u00e1l es la tuya? Nuestra salud cuenta una historia\u00bfCu\u00e1l es la tuya? SaludAT\u00ae es un espacio que a trav\u00e9s de su programa NutriIntuicion\u00ae, te invita a un viaje personal donde reconoces la historia que cuenta tu salud, para continuar escribi\u00e9ndola de forma consciente a trav\u00e9s de tu relaci\u00f3n con los alimentos [&hellip;]","og_url":"https:\/\/saludat.net\/index.php\/sobre-nosotros\/","og_site_name":"SaludAT","article_modified_time":"2026-04-04T03:52:10+00:00","twitter_card":"summary_large_image","twitter_misc":{"Tiempo de lectura":"2 minutos"},"schema":{"@context":"https:\/\/schema.org","@graph":[{"@type":"WebPage","@id":"https:\/\/saludat.net\/index.php\/sobre-nosotros\/","url":"https:\/\/saludat.net\/index.php\/sobre-nosotros\/","name":"Sobre SaludAT - SaludAT","isPartOf":{"@id":"https:\/\/saludat.net\/#website"},"primaryImageOfPage":{"@id":"https:\/\/saludat.net\/index.php\/sobre-nosotros\/#primaryimage"},"image":{"@id":"https:\/\/saludat.net\/index.php\/sobre-nosotros\/#primaryimage"},"thumbnailUrl":"http:\/\/saludat.net\/wp-content\/uploads\/2022\/07\/Imagotipo@2x-Blanco-y-Verde-olivo-1.svg","datePublished":"2022-10-03T18:01:34+00:00","dateModified":"2026-04-04T03:52:10+00:00","breadcrumb":{"@id":"https:\/\/saludat.net\/index.php\/sobre-nosotros\/#breadcrumb"},"inLanguage":"es-CO","potentialAction":[{"@type":"ReadAction","target":["https:\/\/saludat.net\/index.php\/sobre-nosotros\/"]}]},{"@type":"ImageObject","inLanguage":"es-CO","@id":"https:\/\/saludat.net\/index.php\/sobre-nosotros\/#primaryimage","url":"https:\/\/saludat.net\/wp-content\/uploads\/2022\/07\/Imagotipo@2x-Blanco-y-Verde-olivo-1.svg","contentUrl":"https:\/\/saludat.net\/wp-content\/uploads\/2022\/07\/Imagotipo@2x-Blanco-y-Verde-olivo-1.svg","width":6491,"height":1501},{"@type":"BreadcrumbList","@id":"https:\/\/saludat.net\/index.php\/sobre-nosotros\/#breadcrumb","itemListElement":[{"@type":"ListItem","position":1,"name":"Home","item":"https:\/\/saludat.net\/"},{"@type":"ListItem","position":2,"name":"Sobre SaludAT"}]},{"@type":"WebSite","@id":"https:\/\/saludat.net\/#website","url":"https:\/\/saludat.net\/","name":"SaludAT","description":"Nutrici\u00f3n Holistica ","publisher":{"@id":"https:\/\/saludat.net\/#organization"},"potentialAction":[{"@type":"SearchAction","target":{"@type":"EntryPoint","urlTemplate":"https:\/\/saludat.net\/?s={search_term_string}"},"query-input":{"@type":"PropertyValueSpecification","valueRequired":true,"valueName":"search_term_string"}}],"inLanguage":"es-CO"},{"@type":"Organization","@id":"https:\/\/saludat.net\/#organization","name":"SaludAT","url":"https:\/\/saludat.net\/","logo":{"@type":"ImageObject","inLanguage":"es-CO","@id":"https:\/\/saludat.net\/#\/schema\/logo\/image\/","url":"https:\/\/saludat.net\/wp-content\/uploads\/2025\/02\/cropped-sIMBOLO.png","contentUrl":"https:\/\/saludat.net\/wp-content\/uploads\/2025\/02\/cropped-sIMBOLO.png","width":889,"height":1001,"caption":"SaludAT"},"image":{"@id":"https:\/\/saludat.net\/#\/schema\/logo\/image\/"}}]}},"_links":{"self":[{"href":"https:\/\/saludat.net\/index.php\/wp-json\/wp\/v2\/pages\/2521","targetHints":{"allow":["GET"]}}],"collection":[{"href":"https:\/\/saludat.net\/index.php\/wp-json\/wp\/v2\/pages"}],"about":[{"href":"https:\/\/saludat.net\/index.php\/wp-json\/wp\/v2\/types\/page"}],"author":[{"embeddable":true,"href":"https:\/\/saludat.net\/index.php\/wp-json\/wp\/v2\/users\/8"}],"replies":[{"embeddable":true,"href":"https:\/\/saludat.net\/index.php\/wp-json\/wp\/v2\/comments?post=2521"}],"version-history":[{"count":17,"href":"https:\/\/saludat.net\/index.php\/wp-json\/wp\/v2\/pages\/2521\/revisions"}],"predecessor-version":[{"id":5429,"href":"https:\/\/saludat.net\/index.php\/wp-json\/wp\/v2\/pages\/2521\/revisions\/5429"}],"wp:attachment":[{"href":"https:\/\/saludat.net\/index.php\/wp-json\/wp\/v2\/media?parent=2521"}],"curies":[{"name":"wp","href":"https:\/\/api.w.org\/{rel}","templated":true}]}}